CRAN Package Check Results for Package aphylo

Last updated on 2025-06-12 08:49:44 CEST.

Flavor Version Tinstall Tcheck Ttotal Status Flags
r-devel-linux-x86_64-debian-clang 0.3-4 45.78 171.03 216.81 NOTE
r-devel-linux-x86_64-debian-gcc 0.3-4 35.53 111.89 147.42 NOTE
r-devel-linux-x86_64-fedora-clang 0.3-4 351.00 NOTE
r-devel-linux-x86_64-fedora-gcc 0.3-4 356.54 NOTE
r-devel-windows-x86_64 0.3-4 53.00 184.00 237.00 OK
r-patched-linux-x86_64 0.3-4 49.40 162.10 211.50 NOTE
r-release-linux-x86_64 0.3-4 47.34 162.05 209.39 NOTE
r-release-macos-arm64 0.3-4 97.00 OK
r-release-macos-x86_64 0.3-4 195.00 OK
r-release-windows-x86_64 0.3-4 55.00 182.00 237.00 OK
r-oldrel-macos-arm64 0.3-4 95.00 OK
r-oldrel-macos-x86_64 0.3-4 217.00 OK
r-oldrel-windows-x86_64 0.3-4 65.00 241.00 306.00 OK

Check Details

Version: 0.3-4
Check: top-level files
Result: NOTE possible bashism in configure.ac line 32 (should be 'b = a'): if test x"${RSysinfoName}" == x"Darwin"; then possible bashism in configure.ac line 43 (should be 'b = a'): if test x"${hasOpenMP}" == x""; then Flavors: r-devel-linux-x86_64-debian-clang, r-devel-linux-x86_64-debian-gcc, r-devel-linux-x86_64-fedora-clang, r-devel-linux-x86_64-fedora-gcc, r-patched-linux-x86_64, r-release-linux-x86_64