CRAN Package Check Results for Package ClusteredMutations

Last updated on 2025-06-13 09:52:23 CEST.

Flavor Version Tinstall Tcheck Ttotal Status Flags
r-devel-linux-x86_64-debian-clang 1.0.1 2.31 61.28 63.59 NOTE
r-devel-linux-x86_64-debian-gcc 1.0.1 1.73 44.96 46.69 NOTE
r-devel-linux-x86_64-fedora-clang 1.0.1 98.00 OK
r-devel-linux-x86_64-fedora-gcc 1.0.1 116.13 OK
r-devel-windows-x86_64 1.0.1 4.00 146.00 150.00 NOTE
r-patched-linux-x86_64 1.0.1 1.81 59.65 61.46 NOTE
r-release-linux-x86_64 1.0.1 2.29 59.48 61.77 NOTE
r-release-macos-arm64 1.0.1 45.00 OK
r-release-macos-x86_64 1.0.1 85.00 OK
r-release-windows-x86_64 1.0.1 4.00 149.00 153.00 NOTE
r-oldrel-macos-arm64 1.0.1 38.00 OK
r-oldrel-macos-x86_64 1.0.1 61.00 OK
r-oldrel-windows-x86_64 1.0.1 4.00 160.00 164.00 OK

Check Details

Version: 1.0.1
Check: Rd cross-references
Result: NOTE Found the following Rd file(s) with Rd \link{} targets missing package anchors: dissmutmatrix.Rd: dissplot Please provide package anchors for all Rd \link{} targets not in the package itself and the base packages. Flavors: r-devel-linux-x86_64-debian-clang, r-devel-linux-x86_64-debian-gcc, r-devel-windows-x86_64, r-patched-linux-x86_64, r-release-linux-x86_64, r-release-windows-x86_64