Last updated on 2025-06-13 09:52:33 CEST.
| Flavor | Version | Tinstall | Tcheck | Ttotal | Status | Flags | 
|---|---|---|---|---|---|---|
| r-devel-linux-x86_64-debian-clang | 1.0.1 | 5.86 | 54.58 | 60.44 | NOTE | |
| r-devel-linux-x86_64-debian-gcc | 1.0.1 | 3.83 | 40.90 | 44.73 | NOTE | |
| r-devel-linux-x86_64-fedora-clang | 1.0.1 | 98.86 | OK | |||
| r-devel-linux-x86_64-fedora-gcc | 1.0.1 | 115.02 | OK | |||
| r-devel-windows-x86_64 | 1.0.1 | 8.00 | 86.00 | 94.00 | NOTE | |
| r-patched-linux-x86_64 | 1.0.1 | 5.59 | 52.56 | 58.15 | NOTE | |
| r-release-linux-x86_64 | 1.0.1 | 4.93 | 52.69 | 57.62 | NOTE | |
| r-release-macos-arm64 | 1.0.1 | 52.00 | OK | |||
| r-release-macos-x86_64 | 1.0.1 | 79.00 | OK | |||
| r-release-windows-x86_64 | 1.0.1 | 8.00 | 89.00 | 97.00 | NOTE | |
| r-oldrel-macos-arm64 | 1.0.1 | 37.00 | NOTE | |||
| r-oldrel-macos-x86_64 | 1.0.1 | 58.00 | NOTE | |||
| r-oldrel-windows-x86_64 | 1.0.1 | 9.00 | 102.00 | 111.00 | NOTE | 
Version: 1.0.1
Check: CRAN incoming feasibility
Result: NOTE
  Maintainer: ‘Christian Margreitter <christian.margreitter@gmail.com>’
  
  Package CITATION file contains call(s) to old-style personList() or
  as.personList().  Please use c() on person objects instead.
  Package CITATION file contains call(s) to old-style citEntry().  Please
  use bibentry() instead.
Flavors: r-devel-linux-x86_64-debian-clang, r-devel-linux-x86_64-debian-gcc
Version: 1.0.1
Check: Rd cross-references
Result: NOTE
  Found the following Rd file(s) with Rd \link{} targets missing package
  anchors:
    ramachandran.Rd: hist2d
  Please provide package anchors for all Rd \link{} targets not in the
  package itself and the base packages.
Flavors: r-devel-linux-x86_64-debian-clang, r-devel-linux-x86_64-debian-gcc, r-devel-windows-x86_64, r-patched-linux-x86_64, r-release-linux-x86_64, r-release-windows-x86_64
Version: 1.0.1
Check: installed package size
Result: NOTE
    installed size is  7.5Mb
    sub-directories of 1Mb or more:
      doc       1.9Mb
      extdata   5.3Mb
Flavors: r-oldrel-macos-arm64, r-oldrel-macos-x86_64, r-oldrel-windows-x86_64