Last updated on 2025-06-13 09:52:43 CEST.
| Flavor | Version | Tinstall | Tcheck | Ttotal | Status | Flags | 
|---|---|---|---|---|---|---|
| r-devel-linux-x86_64-debian-clang | 1.0 | 7.36 | 67.57 | 74.93 | NOTE | |
| r-devel-linux-x86_64-debian-gcc | 1.0 | 6.48 | 48.84 | 55.32 | NOTE | |
| r-devel-linux-x86_64-fedora-clang | 1.0 | 117.22 | OK | |||
| r-devel-linux-x86_64-fedora-gcc | 1.0 | 124.83 | OK | |||
| r-devel-windows-x86_64 | 1.0 | 10.00 | 97.00 | 107.00 | NOTE | |
| r-patched-linux-x86_64 | 1.0 | 8.60 | 64.16 | 72.76 | NOTE | |
| r-release-linux-x86_64 | 1.0 | 8.83 | 64.13 | 72.96 | NOTE | |
| r-release-macos-arm64 | 1.0 | 52.00 | OK | |||
| r-release-macos-x86_64 | 1.0 | 86.00 | OK | |||
| r-release-windows-x86_64 | 1.0 | 11.00 | 99.00 | 110.00 | NOTE | |
| r-oldrel-macos-arm64 | 1.0 | 40.00 | OK | |||
| r-oldrel-macos-x86_64 | 1.0 | 68.00 | OK | |||
| r-oldrel-windows-x86_64 | 1.0 | 13.00 | 112.00 | 125.00 | OK | 
Version: 1.0
Check: CRAN incoming feasibility
Result: NOTE
  Maintainer: ‘Xinrui Shi <xinrui103@163.com>’
  
  No Authors@R field in DESCRIPTION.
  Please add one, modifying
    Authors@R: c(person(given = "Xinrui",
                        family = "Shi",
                        role = c("aut", "cre"),
                        email = "xinrui103@163.com"),
                 person(given = "Chunquan",
                        family = "Li",
                        role = "aut"),
                 person(given = "Xia",
                        family = "Li",
                        role = "aut"))
  as necessary.
Flavors: r-devel-linux-x86_64-debian-clang, r-devel-linux-x86_64-debian-gcc
Version: 1.0
Check: Rd cross-references
Result: NOTE
  Found the following Rd file(s) with Rd \link{} targets missing package
  anchors:
    plotAnnGraph.Rd: plot.igraph
    plotGraphL.Rd: plot.igraph, layout.random
  Please provide package anchors for all Rd \link{} targets not in the
  package itself and the base packages.
Flavors: r-devel-linux-x86_64-debian-clang, r-devel-linux-x86_64-debian-gcc, r-devel-windows-x86_64, r-patched-linux-x86_64, r-release-linux-x86_64, r-release-windows-x86_64