Last updated on 2025-06-13 09:52:21 CEST.
| Flavor | Version | Tinstall | Tcheck | Ttotal | Status | Flags | 
|---|---|---|---|---|---|---|
| r-devel-linux-x86_64-debian-clang | 1.5 | 3.05 | 30.64 | 33.69 | NOTE | |
| r-devel-linux-x86_64-debian-gcc | 1.5 | 2.48 | 23.48 | 25.96 | NOTE | |
| r-devel-linux-x86_64-fedora-clang | 1.5 | 53.36 | OK | |||
| r-devel-linux-x86_64-fedora-gcc | 1.5 | 52.44 | OK | |||
| r-devel-windows-x86_64 | 1.5 | 4.00 | 65.00 | 69.00 | NOTE | |
| r-patched-linux-x86_64 | 1.5 | 3.14 | 28.66 | 31.80 | NOTE | |
| r-release-linux-x86_64 | 1.5 | 3.14 | 28.46 | 31.60 | NOTE | |
| r-release-macos-arm64 | 1.5 | 22.00 | OK | |||
| r-release-macos-x86_64 | 1.5 | 38.00 | OK | |||
| r-release-windows-x86_64 | 1.5 | 5.00 | 63.00 | 68.00 | NOTE | |
| r-oldrel-macos-arm64 | 1.5 | 25.00 | OK | |||
| r-oldrel-macos-x86_64 | 1.5 | 31.00 | OK | |||
| r-oldrel-windows-x86_64 | 1.5 | 4.00 | 57.00 | 61.00 | OK | 
Version: 1.5
Check: CRAN incoming feasibility
Result: NOTE
  Maintainer: ‘A.I. McLeod <aimcleod@uwo.ca>’
  
  No Authors@R field in DESCRIPTION.
  Please add one, modifying
    Authors@R: c(person(given = c("A.", "I."),
                        family = "McLeod",
                        role = "aut"),
                 person(given = c("Mark", "M."),
                        family = "Meerschaert",
                        role = "aut"),
                 person(given = "Farzad",
                        family = "Sabzikar",
                        role = "aut"),
                 person(given = "A.I.",
                        family = "McLeod",
                        role = "cre",
                        email = "aimcleod@uwo.ca"))
  as necessary.
Flavors: r-devel-linux-x86_64-debian-clang, r-devel-linux-x86_64-debian-gcc
Version: 1.5
Check: Rd cross-references
Result: NOTE
  Found the following Rd file(s) with Rd \link{} targets missing package
  anchors:
    artfima-package.Rd: ltsa
  Please provide package anchors for all Rd \link{} targets not in the
  package itself and the base packages.
Flavors: r-devel-linux-x86_64-debian-clang, r-devel-linux-x86_64-debian-gcc, r-devel-windows-x86_64, r-patched-linux-x86_64, r-release-linux-x86_64, r-release-windows-x86_64