Last updated on 2025-06-13 09:52:23 CEST.
| Flavor | Version | Tinstall | Tcheck | Ttotal | Status | Flags | 
|---|---|---|---|---|---|---|
| r-devel-linux-x86_64-debian-clang | 0.1.0.2 | 6.60 | 64.37 | 70.97 | NOTE | |
| r-devel-linux-x86_64-debian-gcc | 0.1.0.2 | 4.46 | 44.80 | 49.26 | NOTE | |
| r-devel-linux-x86_64-fedora-clang | 0.1.0.2 | 109.13 | NOTE | |||
| r-devel-linux-x86_64-fedora-gcc | 0.1.0.2 | 103.23 | NOTE | |||
| r-devel-windows-x86_64 | 0.1.0.2 | 9.00 | 72.00 | 81.00 | NOTE | |
| r-patched-linux-x86_64 | 0.1.0.2 | 6.23 | 58.85 | 65.08 | NOTE | |
| r-release-linux-x86_64 | 0.1.0.2 | 5.95 | 58.70 | 64.65 | NOTE | |
| r-release-macos-arm64 | 0.1.0.2 | 34.00 | NOTE | |||
| r-release-macos-x86_64 | 0.1.0.2 | 57.00 | NOTE | |||
| r-release-windows-x86_64 | 0.1.0.2 | 9.00 | 73.00 | 82.00 | NOTE | |
| r-oldrel-macos-arm64 | 0.1.0.2 | 31.00 | OK | |||
| r-oldrel-macos-x86_64 | 0.1.0.2 | 44.00 | OK | |||
| r-oldrel-windows-x86_64 | 0.1.0.2 | 12.00 | 92.00 | 104.00 | OK | 
Version: 0.1.0.2
Check: CRAN incoming feasibility
Result: NOTE
  Maintainer: ‘Hailong Chai <chaihl17@lzu.edu.cn>’
  
  No Authors@R field in DESCRIPTION.
  Please add one, modifying
    Authors@R: person(given = "Hailong",
                      family = "Chai",
                      role = c("aut", "cre"),
                      email = "chaihl17@lzu.edu.cn")
  as necessary.
Flavors: r-devel-linux-x86_64-debian-clang, r-devel-linux-x86_64-debian-gcc
Version: 0.1.0.2
Check: DESCRIPTION meta-information
Result: NOTE
    Missing dependency on R >= 4.1.0 because package code uses the pipe
    |> or function shorthand \(...) syntax added in R 4.1.0.
    File(s) using such syntax:
      ‘Ryacas-all.R’
Flavors: r-devel-linux-x86_64-debian-clang, r-devel-linux-x86_64-debian-gcc, r-devel-linux-x86_64-fedora-clang, r-devel-linux-x86_64-fedora-gcc, r-devel-windows-x86_64, r-patched-linux-x86_64, r-release-linux-x86_64, r-release-macos-arm64, r-release-macos-x86_64, r-release-windows-x86_64
Version: 0.1.0.2
Check: Rd cross-references
Result: NOTE
  Found the following Rd file(s) with Rd \link{} targets missing package
  anchors:
    ggpng.Rd: ggsave
  Please provide package anchors for all Rd \link{} targets not in the
  package itself and the base packages.
Flavors: r-devel-linux-x86_64-debian-clang, r-devel-linux-x86_64-debian-gcc, r-devel-windows-x86_64, r-patched-linux-x86_64, r-release-linux-x86_64, r-release-windows-x86_64