Last updated on 2025-06-13 09:52:25 CEST.
| Flavor | Version | Tinstall | Tcheck | Ttotal | Status | Flags | 
|---|---|---|---|---|---|---|
| r-devel-linux-x86_64-debian-clang | 1.0.4 | 4.51 | 32.83 | 37.34 | NOTE | |
| r-devel-linux-x86_64-debian-gcc | 1.0.4 | 3.01 | 25.38 | 28.39 | NOTE | |
| r-devel-linux-x86_64-fedora-clang | 1.0.4 | 58.65 | NOTE | |||
| r-devel-linux-x86_64-fedora-gcc | 1.0.4 | 54.52 | NOTE | |||
| r-devel-windows-x86_64 | 1.0.4 | 7.00 | 52.00 | 59.00 | NOTE | |
| r-patched-linux-x86_64 | 1.0.4 | 4.11 | 30.21 | 34.32 | NOTE | |
| r-release-linux-x86_64 | 1.0.4 | 3.58 | 30.49 | 34.07 | NOTE | |
| r-release-macos-arm64 | 1.0.4 | 27.00 | NOTE | |||
| r-release-macos-x86_64 | 1.0.4 | 40.00 | NOTE | |||
| r-release-windows-x86_64 | 1.0.4 | 5.00 | 52.00 | 57.00 | NOTE | |
| r-oldrel-macos-arm64 | 1.0.4 | 21.00 | NOTE | |||
| r-oldrel-macos-x86_64 | 1.0.4 | 30.00 | NOTE | |||
| r-oldrel-windows-x86_64 | 1.0.4 | 8.00 | 58.00 | 66.00 | NOTE | 
Version: 1.0.4
Check: CRAN incoming feasibility
Result: NOTE
  Maintainer: ‘Rajesh Balakirshnan <rajeshbalakrishnan24@gmail.com>’
  
  No Authors@R field in DESCRIPTION.
  Please add one, modifying
    Authors@R: c(person(given = "Rajesh",
                        family = "Balakrishnan",
                        role = "aut"),
                 person(given = "Rajesh",
                        family = "Balakirshnan",
                        role = "cre",
                        email = "rajeshbalakrishnan24@gmail.com"))
  as necessary.
Flavors: r-devel-linux-x86_64-debian-clang, r-devel-linux-x86_64-debian-gcc
Version: 1.0.4
Check: package subdirectories
Result: NOTE
  Problems with news in ‘NEWS.md’:
  No news entries found.
Flavors: r-devel-linux-x86_64-debian-clang, r-devel-linux-x86_64-debian-gcc, r-devel-linux-x86_64-fedora-clang, r-devel-linux-x86_64-fedora-gcc, r-devel-windows-x86_64, r-patched-linux-x86_64, r-release-linux-x86_64, r-release-macos-arm64, r-release-macos-x86_64, r-release-windows-x86_64, r-oldrel-macos-arm64, r-oldrel-macos-x86_64, r-oldrel-windows-x86_64
Version: 1.0.4
Check: Rd cross-references
Result: NOTE
  Found the following Rd file(s) with Rd \link{} targets missing package
  anchors:
    deepforest.Rd: rpart.control
    deeptree.Rd: rpart.control
  Please provide package anchors for all Rd \link{} targets not in the
  package itself and the base packages.
Flavors: r-devel-linux-x86_64-debian-clang, r-devel-linux-x86_64-debian-gcc, r-devel-windows-x86_64, r-patched-linux-x86_64, r-release-linux-x86_64, r-release-windows-x86_64