Last updated on 2025-06-13 09:52:27 CEST.
| Flavor | Version | Tinstall | Tcheck | Ttotal | Status | Flags | 
|---|---|---|---|---|---|---|
| r-devel-linux-x86_64-debian-clang | 1.5 | 15.62 | 156.21 | 171.83 | NOTE | |
| r-devel-linux-x86_64-debian-gcc | 1.5 | 12.37 | 120.72 | 133.09 | NOTE | |
| r-devel-linux-x86_64-fedora-clang | 1.5 | 269.51 | OK | |||
| r-devel-linux-x86_64-fedora-gcc | 1.5 | 252.06 | OK | |||
| r-devel-windows-x86_64 | 1.5 | 17.00 | 187.00 | 204.00 | NOTE | |
| r-patched-linux-x86_64 | 1.5 | 14.53 | 143.29 | 157.82 | NOTE | |
| r-release-linux-x86_64 | 1.5 | 12.89 | 144.25 | 157.14 | NOTE | |
| r-release-macos-arm64 | 1.5 | 88.00 | OK | |||
| r-release-macos-x86_64 | 1.5 | 138.00 | OK | |||
| r-release-windows-x86_64 | 1.5 | 18.00 | 181.00 | 199.00 | NOTE | |
| r-oldrel-macos-arm64 | 1.5 | 92.00 | OK | |||
| r-oldrel-macos-x86_64 | 1.5 | 120.00 | OK | |||
| r-oldrel-windows-x86_64 | 1.5 | 21.00 | 192.00 | 213.00 | OK | 
Version: 1.5
Check: CRAN incoming feasibility
Result: NOTE
  Maintainer: ‘Sonja Kuhnt <sonja.kuhnt@fh-dortmund.de>’
  
  No Authors@R field in DESCRIPTION.
  Please add one, modifying
    Authors@R: c(person(given = "Jana",
                        family = "Fruth",
                        role = "aut"),
                 person(given = "Thomas",
                        family = "Muehlenstaedt",
                        role = "aut"),
                 person(given = "Olivier",
                        family = "Roustant",
                        role = "aut"),
                 person(given = "Malte",
                        family = "Jastrow",
                        role = "aut"),
                 person(given = "Sonja",
                        family = "Kuhnt",
                        role = c("aut", "cre"),
                        email = "sonja.kuhnt@fh-dortmund.de"))
  as necessary.
Flavors: r-devel-linux-x86_64-debian-clang, r-devel-linux-x86_64-debian-gcc
Version: 1.5
Check: Rd cross-references
Result: NOTE
  Found the following Rd file(s) with Rd \link{} targets missing package
  anchors:
    kmPredictWrapper.Rd: predict.km, fast99
  Please provide package anchors for all Rd \link{} targets not in the
  package itself and the base packages.
Flavors: r-devel-linux-x86_64-debian-clang, r-devel-linux-x86_64-debian-gcc, r-devel-windows-x86_64, r-patched-linux-x86_64, r-release-linux-x86_64, r-release-windows-x86_64