Last updated on 2025-06-17 11:51:58 CEST.
| Flavor | Version | Tinstall | Tcheck | Ttotal | Status | Flags | 
|---|---|---|---|---|---|---|
| r-devel-linux-x86_64-debian-clang | 1.1.3 | 7.19 | 62.06 | 69.25 | NOTE | |
| r-devel-linux-x86_64-debian-gcc | 1.1.3 | 4.94 | 47.68 | 52.62 | NOTE | |
| r-devel-linux-x86_64-fedora-clang | 1.1.3 | 118.74 | OK | |||
| r-devel-linux-x86_64-fedora-gcc | 1.1.3 | 122.08 | OK | |||
| r-devel-windows-x86_64 | 1.1.3 | 8.00 | 75.00 | 83.00 | OK | |
| r-patched-linux-x86_64 | 1.1.3 | 7.30 | 59.00 | 66.30 | OK | |
| r-release-linux-x86_64 | 1.1.3 | 6.98 | 60.05 | 67.03 | OK | |
| r-release-macos-arm64 | 1.1.3 | 48.00 | OK | |||
| r-release-macos-x86_64 | 1.1.3 | 80.00 | OK | |||
| r-release-windows-x86_64 | 1.1.3 | 8.00 | 77.00 | 85.00 | OK | |
| r-oldrel-macos-arm64 | 1.1.3 | 39.00 | OK | |||
| r-oldrel-macos-x86_64 | 1.1.3 | 61.00 | OK | |||
| r-oldrel-windows-x86_64 | 1.1.3 | 11.00 | 96.00 | 107.00 | OK | 
Version: 1.1.3
Check: CRAN incoming feasibility
Result: NOTE
  Maintainer: ‘Marie Perrot-Dockès <marie.perrocks@gmail.com>’
  
  No Authors@R field in DESCRIPTION.
  Please add one, modifying
    Authors@R: c(person(given = "Marie",
                        family = "Perrot-Dockès",
                        role = c("aut", "cre"),
                        email = "marie.perrocks@gmail.com"),
                 person(given = "Céline",
                        family = "Lévy-Leduc",
                        role = "aut"),
                 person(given = "Julien",
                        family = "Chiquet",
                        role = "aut"))
  as necessary.
  
  File 'R/MultiVarSel-internal.R' sets .Random.seed.
  This is usually neither needed nor wanted.
  
  The Description field contains
    <arXiv:1704.00076>.
  Please refer to arXiv e-prints via their arXiv DOI <doi:10.48550/arXiv.YYMM.NNNNN>.
Flavors: r-devel-linux-x86_64-debian-clang, r-devel-linux-x86_64-debian-gcc