Last updated on 2025-06-17 11:51:49 CEST.
| Flavor | Version | Tinstall | Tcheck | Ttotal | Status | Flags | 
|---|---|---|---|---|---|---|
| r-devel-linux-x86_64-debian-clang | 1.0.5 | 16.09 | 34.00 | 50.09 | NOTE | |
| r-devel-linux-x86_64-debian-gcc | 1.0.5 | 11.06 | 25.94 | 37.00 | NOTE | |
| r-devel-linux-x86_64-fedora-clang | 1.0.5 | 94.78 | NOTE | |||
| r-devel-linux-x86_64-fedora-gcc | 1.0.5 | 77.43 | NOTE | |||
| r-devel-windows-x86_64 | 1.0.5 | 19.00 | 66.00 | 85.00 | OK | |
| r-patched-linux-x86_64 | 1.0.5 | 16.05 | 31.60 | 47.65 | OK | |
| r-release-linux-x86_64 | 1.0.5 | 15.45 | 31.82 | 47.27 | OK | |
| r-release-macos-arm64 | 1.0.5 | 27.00 | OK | |||
| r-release-macos-x86_64 | 1.0.5 | 52.00 | OK | |||
| r-release-windows-x86_64 | 1.0.5 | 20.00 | 68.00 | 88.00 | OK | |
| r-oldrel-macos-arm64 | 1.0.5 | 29.00 | OK | |||
| r-oldrel-macos-x86_64 | 1.0.5 | 41.00 | OK | |||
| r-oldrel-windows-x86_64 | 1.0.5 | 22.00 | 84.00 | 106.00 | OK | 
Version: 1.0.5
Check: CRAN incoming feasibility
Result: NOTE
  Maintainer: ‘Kaiyin Zhong <kindlychung@gmail.com>’
  
  No Authors@R field in DESCRIPTION.
  Please add one, modifying
    Authors@R: c(person(given = "Kaiyin",
                        family = "Zhong",
                        role = c("aut", "cre"),
                        email = "kindlychung@gmail.com"),
                 person(given = "Fan",
                        family = "Liu",
                        role = "aut"))
  as necessary.
  
  File 'R/collUtils-internal.R' sets .Random.seed.
  This is usually neither needed nor wanted.
  
  Found the following \keyword or \concept entries
  which likely give several index terms:
    File ‘collUtils-package.Rd’:
      \keyword{ 
        GWAS
        Compound heterozygosity
        Genomics
        } [TRUNCATED]
Flavors: r-devel-linux-x86_64-debian-clang, r-devel-linux-x86_64-debian-gcc
Version: 1.0.5
Check: compiled code
Result: NOTE
  File ‘collUtils/libs/collUtils.so’:
    Found no calls to: ‘R_registerRoutines’, ‘R_useDynamicSymbols’
  
  It is good practice to register native routines and to disable symbol
  search.
  
  See ‘Writing portable packages’ in the ‘Writing R Extensions’ manual.
Flavors: r-devel-linux-x86_64-fedora-clang, r-devel-linux-x86_64-fedora-gcc