CRAN Package Check Results for Package intamap

Last updated on 2025-06-30 12:48:40 CEST.

Flavor Version Tinstall Tcheck Ttotal Status Flags
r-devel-linux-x86_64-debian-clang 1.5-7 14.49 208.05 222.54 NOTE
r-devel-linux-x86_64-debian-gcc 1.5-7 10.74 146.00 156.74 NOTE
r-devel-linux-x86_64-fedora-clang 1.5-7 355.75 OK
r-devel-linux-x86_64-fedora-gcc 1.5-7 359.53 OK
r-devel-windows-x86_64 1.5-7 16.00 194.00 210.00 OK
r-patched-linux-x86_64 NOTE
r-release-linux-x86_64 1.5-7 13.18 197.33 210.51 NOTE
r-release-macos-arm64 1.5-7 134.00 OK
r-release-macos-x86_64 1.5-7 176.00 OK
r-release-windows-x86_64 1.5-7 15.00 188.00 203.00 OK
r-oldrel-macos-arm64 1.5-7 86.00 OK
r-oldrel-macos-x86_64 1.5-7 137.00 OK
r-oldrel-windows-x86_64 1.5-7 23.00 254.00 277.00 OK

Check Details

Version: 1.5-7
Check: for unstated dependencies in ‘demo’
Result: NOTE 'library' or 'require' call not declared from: ‘rworldmap’ Flavors: r-devel-linux-x86_64-debian-clang, r-devel-linux-x86_64-debian-gcc, r-patched-linux-x86_64, r-release-linux-x86_64