Last updated on 2025-07-01 06:49:54 CEST.
| Flavor | Version | Tinstall | Tcheck | Ttotal | Status | Flags | 
|---|---|---|---|---|---|---|
| r-devel-linux-x86_64-debian-clang | 2.2.1 | 2.10 | 3.37 | 5.47 | ERROR | |
| r-devel-linux-x86_64-debian-gcc | 2.2.1 | 1.37 | 2.48 | 3.85 | ERROR | |
| r-devel-linux-x86_64-fedora-clang | 2.2.1 | 6.59 | ERROR | |||
| r-devel-linux-x86_64-fedora-gcc | 2.2.1 | 6.22 | ERROR | |||
| r-devel-windows-x86_64 | 2.2.1 | 3.00 | 5.00 | 8.00 | ERROR | |
| r-patched-linux-x86_64 | ERROR | |||||
| r-release-linux-x86_64 | 2.2.1 | 2.01 | 2.18 | 4.19 | ERROR | |
| r-release-macos-arm64 | 2.2.1 | 203.00 | OK | |||
| r-release-macos-x86_64 | 2.2.1 | 535.00 | OK | |||
| r-release-windows-x86_64 | 2.2.1 | 3.00 | 5.00 | 8.00 | ERROR | |
| r-oldrel-macos-arm64 | 2.2.1 | 198.00 | OK | |||
| r-oldrel-macos-x86_64 | 2.2.1 | 430.00 | OK | |||
| r-oldrel-windows-x86_64 | 2.2.1 | 3.00 | 9.00 | 12.00 | ERROR | 
Version: 2.2.1
Check: CRAN incoming feasibility
Result: NOTE
  Maintainer: ‘John Ehrlinger <john.ehrlinger@gmail.com>’
  
  No Authors@R field in DESCRIPTION.
  Please add one, modifying
    Authors@R: person(given = "John",
                      family = "Ehrlinger",
                      role = c("aut", "cre"),
                      email = "john.ehrlinger@gmail.com")
  as necessary.
Flavors: r-devel-linux-x86_64-debian-clang, r-devel-linux-x86_64-debian-gcc
Version: 2.2.1
Check: whether package can be installed
Result: ERROR
  Installation failed.
Flavors: r-devel-linux-x86_64-debian-clang, r-devel-linux-x86_64-debian-gcc, r-devel-linux-x86_64-fedora-clang, r-devel-linux-x86_64-fedora-gcc, r-devel-windows-x86_64, r-patched-linux-x86_64, r-release-linux-x86_64, r-release-windows-x86_64, r-oldrel-windows-x86_64