Last updated on 2025-07-10 16:49:23 CEST.
| Flavor | Version | Tinstall | Tcheck | Ttotal | Status | Flags | 
|---|---|---|---|---|---|---|
| r-devel-linux-x86_64-debian-clang | 1.0 | 5.47 | 221.25 | 226.72 | NOTE | |
| r-devel-linux-x86_64-debian-gcc | 1.0 | 4.76 | 131.26 | 136.02 | NOTE | |
| r-devel-linux-x86_64-fedora-clang | 1.0 | 345.22 | OK | |||
| r-devel-linux-x86_64-fedora-gcc | 1.0 | 341.67 | OK | |||
| r-devel-windows-x86_64 | 1.0 | 7.00 | 204.00 | 211.00 | OK | |
| r-patched-linux-x86_64 | 1.0 | 5.54 | 210.34 | 215.88 | OK | |
| r-release-linux-x86_64 | 1.0 | 6.35 | 207.42 | 213.77 | OK | |
| r-release-macos-arm64 | 1.0 | 93.00 | OK | |||
| r-release-macos-x86_64 | 1.0 | 214.00 | OK | |||
| r-release-windows-x86_64 | 1.0 | 7.00 | 203.00 | 210.00 | OK | |
| r-oldrel-macos-arm64 | 1.0 | 86.00 | OK | |||
| r-oldrel-macos-x86_64 | 1.0 | 154.00 | OK | |||
| r-oldrel-windows-x86_64 | 1.0 | 9.00 | 300.00 | 309.00 | OK | 
Version: 1.0
Check: CRAN incoming feasibility
Result: NOTE
  Maintainer: ‘Deniz Akdemir <deniz.akdemir.work@gmail.com>’
  
  No Authors@R field in DESCRIPTION.
  Please add one, modifying
    Authors@R: c(person(given = "Deniz",
                        family = "Akdemir",
                        role = c("aut", "cre"),
                        email = "deniz.akdemir.work@gmail.com"),
                 person(given = "Mohamed",
                        family = "Somo",
                        role = "aut"),
                 person(given = c("Julio", "Isidro"),
                        family = "Sanchez",
                        role = "aut"))
  as necessary.
  
  Package CITATION file contains call(s) to old-style citEntry().  Please
  use bibentry() instead.
  
  The Description field contains
    <https://www.biorxiv.org/content/10.1101/857425v1>.  It can be used to
  Please use permanent DOI markup for linking to publications as in <doi:prefix/suffix>.
Flavors: r-devel-linux-x86_64-debian-clang, r-devel-linux-x86_64-debian-gcc