Last updated on 2025-07-10 16:49:30 CEST.
| Flavor | Version | Tinstall | Tcheck | Ttotal | Status | Flags | 
|---|---|---|---|---|---|---|
| r-devel-linux-x86_64-debian-clang | 0.4.3 | 3.41 | 36.79 | 40.20 | NOTE | |
| r-devel-linux-x86_64-debian-gcc | 0.4.3 | 2.24 | 29.09 | 31.33 | NOTE | |
| r-devel-linux-x86_64-fedora-clang | 0.4.3 | 61.39 | OK | |||
| r-devel-linux-x86_64-fedora-gcc | 0.4.3 | 59.57 | OK | |||
| r-devel-windows-x86_64 | 0.4.3 | 5.00 | 72.00 | 77.00 | NOTE | |
| r-patched-linux-x86_64 | 0.4.3 | 3.27 | 35.43 | 38.70 | NOTE | |
| r-release-linux-x86_64 | 0.4.3 | 3.23 | 35.49 | 38.72 | NOTE | |
| r-release-macos-arm64 | 0.4.3 | 22.00 | OK | |||
| r-release-macos-x86_64 | 0.4.3 | 42.00 | OK | |||
| r-release-windows-x86_64 | 0.4.3 | 4.00 | 68.00 | 72.00 | NOTE | |
| r-oldrel-macos-arm64 | 0.4.3 | 22.00 | NOTE | |||
| r-oldrel-macos-x86_64 | 0.4.3 | 32.00 | NOTE | |||
| r-oldrel-windows-x86_64 | 0.4.3 | 6.00 | 74.00 | 80.00 | NOTE | 
Version: 0.4.3
Check: Rd cross-references
Result: NOTE
  Found the following Rd file(s) with Rd \link{} targets missing package
  anchors:
    caterplot.Rd: denstrip
  Please provide package anchors for all Rd \link{} targets not in the
  package itself and the base packages.
Flavors: r-devel-linux-x86_64-debian-clang, r-devel-linux-x86_64-debian-gcc, r-devel-windows-x86_64, r-patched-linux-x86_64, r-release-linux-x86_64, r-release-windows-x86_64
Version: 0.4.3
Check: LazyData
Result: NOTE
    'LazyData' is specified without a 'data' directory
Flavors: r-oldrel-macos-arm64, r-oldrel-macos-x86_64, r-oldrel-windows-x86_64