Last updated on 2025-08-26 11:48:18 CEST.
| Flavor | Version | Tinstall | Tcheck | Ttotal | Status | Flags | 
|---|---|---|---|---|---|---|
| r-devel-linux-x86_64-debian-clang | 0.2.4 | 8.84 | 140.99 | 149.83 | OK | |
| r-devel-linux-x86_64-debian-gcc | 0.2.4 | 6.56 | 93.87 | 100.43 | OK | |
| r-devel-linux-x86_64-fedora-clang | 0.2.4 | 252.23 | NOTE | |||
| r-devel-linux-x86_64-fedora-gcc | 0.2.4 | 260.89 | NOTE | |||
| r-devel-windows-x86_64 | 0.2.4 | 12.00 | 139.00 | 151.00 | OK | |
| r-patched-linux-x86_64 | 0.2.3 | 9.64 | 129.48 | 139.12 | OK | |
| r-release-linux-x86_64 | 0.2.4 | 7.99 | 131.27 | 139.26 | OK | |
| r-release-macos-arm64 | 0.2.4 | 73.00 | OK | |||
| r-release-macos-x86_64 | 0.2.4 | 140.00 | OK | |||
| r-release-windows-x86_64 | 0.2.3 | 12.00 | 138.00 | 150.00 | OK | |
| r-oldrel-macos-arm64 | 0.2.4 | 76.00 | OK | |||
| r-oldrel-macos-x86_64 | 0.2.4 | 130.00 | OK | |||
| r-oldrel-windows-x86_64 | 0.2.4 | 17.00 | 183.00 | 200.00 | OK | 
Version: 0.2.4
Check: dependencies in R code
Result: NOTE
  Namespace in Imports field not imported from: ‘nycflights13’
    All declared Imports should be used.
Flavors: r-devel-linux-x86_64-fedora-clang, r-devel-linux-x86_64-fedora-gcc