Last updated on 2025-09-17 13:51:08 CEST.
| Flavor | Version | Tinstall | Tcheck | Ttotal | Status | Flags | 
|---|---|---|---|---|---|---|
| r-devel-linux-x86_64-debian-clang | 1.1.2 | 118.47 | 229.88 | 348.35 | NOTE | |
| r-devel-linux-x86_64-debian-gcc | 1.1.2 | 72.96 | 144.14 | 217.10 | NOTE | |
| r-devel-linux-x86_64-fedora-clang | 1.1.2 | 634.66 | NOTE | |||
| r-devel-linux-x86_64-fedora-gcc | 1.1.2 | 588.79 | NOTE | |||
| r-devel-windows-x86_64 | 1.1.2 | 141.00 | 268.00 | 409.00 | NOTE | |
| r-patched-linux-x86_64 | 1.1.2 | 114.75 | 222.92 | 337.67 | NOTE | |
| r-release-linux-x86_64 | 1.1.2 | 107.49 | 224.53 | 332.02 | NOTE | |
| r-release-macos-arm64 | 1.1.2 | 150.00 | NOTE | |||
| r-release-macos-x86_64 | 1.1.2 | 316.00 | NOTE | |||
| r-release-windows-x86_64 | 1.1.2 | 142.00 | 267.00 | 409.00 | NOTE | |
| r-oldrel-macos-arm64 | 1.1.2 | 155.00 | NOTE | |||
| r-oldrel-macos-x86_64 | 1.1.2 | 263.00 | NOTE | |||
| r-oldrel-windows-x86_64 | 1.1.2 | 168.00 | 393.00 | 561.00 | NOTE | 
Version: 1.1.2
Check: C++ specification
Result: NOTE
    Specified C++11: please drop specification unless essential
Flavors: r-devel-linux-x86_64-debian-clang, r-devel-linux-x86_64-debian-gcc, r-devel-linux-x86_64-fedora-clang, r-devel-linux-x86_64-fedora-gcc, r-devel-windows-x86_64, r-patched-linux-x86_64, r-release-linux-x86_64, r-release-macos-arm64, r-release-macos-x86_64, r-release-windows-x86_64, r-oldrel-macos-arm64, r-oldrel-macos-x86_64, r-oldrel-windows-x86_64
Version: 1.1.2
Check: Rd files
Result: NOTE
  checkRd: (-1) kernel.assign.Rd:27: Lost braces; missing escapes or markup?
      27 |  {q = [0, 1]}. Kernels are of the Müller-Wang type ("MW"), Müller type ("M")
         |  ^
Flavors: r-devel-linux-x86_64-debian-clang, r-devel-linux-x86_64-debian-gcc, r-devel-linux-x86_64-fedora-clang, r-devel-linux-x86_64-fedora-gcc, r-devel-windows-x86_64, r-patched-linux-x86_64, r-release-linux-x86_64, r-release-macos-arm64, r-release-macos-x86_64, r-release-windows-x86_64, r-oldrel-macos-arm64, r-oldrel-macos-x86_64, r-oldrel-windows-x86_64
Version: 1.1.2
Check: installed package size
Result: NOTE
    installed size is  7.8Mb
    sub-directories of 1Mb or more:
      data   1.9Mb
      libs   5.2Mb
Flavors: r-oldrel-macos-arm64, r-oldrel-macos-x86_64