Last updated on 2025-09-17 13:51:07 CEST.
| Flavor | Version | Tinstall | Tcheck | Ttotal | Status | Flags | 
|---|---|---|---|---|---|---|
| r-devel-linux-x86_64-debian-clang | 1.2.1 | 12.39 | 79.60 | 91.99 | NOTE | |
| r-devel-linux-x86_64-debian-gcc | 1.2.1 | 9.07 | 54.98 | 64.05 | NOTE | |
| r-devel-linux-x86_64-fedora-clang | 1.2.1 | 141.38 | NOTE | |||
| r-devel-linux-x86_64-fedora-gcc | 1.2.1 | 138.17 | NOTE | |||
| r-patched-linux-x86_64 | 1.2.1 | 13.59 | 68.98 | 82.57 | NOTE | |
| r-release-linux-x86_64 | 1.2.1 | 15.63 | 68.40 | 84.03 | NOTE | |
| r-release-macos-arm64 | 1.2.1 | 75.00 | NOTE | |||
| r-release-macos-x86_64 | 1.2.1 | 112.00 | NOTE | |||
| r-oldrel-macos-arm64 | 1.2.1 | 59.00 | NOTE | |||
| r-oldrel-macos-x86_64 | 1.2.1 | 97.00 | NOTE | 
Version: 1.2.1
Check: C++ specification
Result: NOTE
    Specified C++11: please drop specification unless essential
Flavors: r-devel-linux-x86_64-debian-clang, r-devel-linux-x86_64-debian-gcc, r-devel-linux-x86_64-fedora-clang, r-devel-linux-x86_64-fedora-gcc, r-patched-linux-x86_64, r-release-linux-x86_64, r-release-macos-arm64, r-release-macos-x86_64, r-oldrel-macos-arm64, r-oldrel-macos-x86_64
Version: 1.2.1
Check: dependencies in R code
Result: NOTE
  Namespace in Imports field not imported from: ‘data.table’
    All declared Imports should be used.
Flavors: r-devel-linux-x86_64-fedora-clang, r-devel-linux-x86_64-fedora-gcc
Version: 1.2.1
Check: installed package size
Result: NOTE
    installed size is  5.0Mb
    sub-directories of 1Mb or more:
      extdata   3.8Mb
Flavors: r-oldrel-macos-arm64, r-oldrel-macos-x86_64
Version: 1.2.1
Check: LazyData
Result: NOTE
    'LazyData' is specified without a 'data' directory
Flavors: r-oldrel-macos-arm64, r-oldrel-macos-x86_64