CRAN Package Check Results for Package dafishr

Last updated on 2025-10-02 16:48:35 CEST.

Flavor Version Tinstall Tcheck Ttotal Status Flags
r-devel-linux-x86_64-debian-clang 1.0.1 7.21 75.70 82.91 NOTE
r-devel-linux-x86_64-debian-gcc 1.0.1 5.24 56.29 61.53 NOTE
r-devel-linux-x86_64-fedora-clang 1.0.1 132.48 NOTE
r-devel-linux-x86_64-fedora-gcc 1.0.1 140.03 NOTE
r-devel-windows-x86_64 1.0.1 9.00 86.00 95.00 NOTE
r-patched-linux-x86_64 1.0.1 6.98 70.32 77.30 NOTE
r-release-linux-x86_64 1.0.1 7.43 70.85 78.28 NOTE
r-release-macos-arm64 1.0.1 44.00 NOTE
r-release-macos-x86_64 1.0.1 78.00 NOTE
r-release-windows-x86_64 1.0.1 9.00 87.00 96.00 NOTE
r-oldrel-macos-arm64 1.0.1 41.00 OK
r-oldrel-macos-x86_64 1.0.1 120.00 OK
r-oldrel-windows-x86_64 1.0.1 13.00 109.00 122.00 OK

Additional issues

donttest

Check Details

Version: 1.0.1
Check: DESCRIPTION meta-information
Result: NOTE Missing dependency on R >= 4.1.0 because package code uses the pipe |> or function shorthand \(...) syntax added in R 4.1.0. File(s) using such syntax: ‘clean_land_points.R’ ‘join_mpa_data.R’ ‘join_mpa_data.Rd’ ‘join_ports_locations.R’ ‘model_vms.R’ ‘vms_clean.R’ Flavors: r-devel-linux-x86_64-debian-clang, r-devel-linux-x86_64-debian-gcc, r-devel-linux-x86_64-fedora-clang, r-devel-linux-x86_64-fedora-gcc, r-devel-windows-x86_64, r-patched-linux-x86_64, r-release-linux-x86_64, r-release-macos-arm64, r-release-windows-x86_64

Version: 1.0.1
Check: DESCRIPTION meta-information
Result: NOTE Missing dependency on R >= 4.1.0 because package code uses the pipe |> or function shorthand \(...) syntax added in R 4.1.0. File(s) using such syntax: ‘clean_land_points.R’ ‘join_mpa_data.R’ ‘join_ports_locations.R’ ‘model_vms.R’ ‘vms_clean.R’ Flavor: r-release-macos-x86_64