Last updated on 2025-11-10 15:48:44 CET.
| Flavor | Version | Tinstall | Tcheck | Ttotal | Status | Flags |
|---|---|---|---|---|---|---|
| r-devel-linux-x86_64-debian-clang | 0.5.7 | 8.01 | 85.86 | 93.87 | OK | |
| r-devel-linux-x86_64-debian-gcc | 0.5.7 | 5.36 | 61.80 | 67.16 | OK | |
| r-devel-linux-x86_64-fedora-clang | 0.5.7 | 31.00 | 108.33 | 139.33 | ERROR | |
| r-devel-linux-x86_64-fedora-gcc | 0.5.7 | 16.00 | 127.95 | 143.95 | OK | |
| r-devel-windows-x86_64 | 0.5.7 | 9.00 | 130.00 | 139.00 | OK | |
| r-patched-linux-x86_64 | 0.5.7 | 7.49 | 78.35 | 85.84 | OK | |
| r-release-linux-x86_64 | 0.5.7 | 7.31 | 78.75 | 86.06 | OK | |
| r-release-macos-arm64 | 0.5.7 | 5.00 | 83.00 | 88.00 | OK | |
| r-release-macos-x86_64 | 0.5.7 | 7.00 | 122.00 | 129.00 | OK | |
| r-release-windows-x86_64 | 0.5.7 | 9.00 | 109.00 | 118.00 | OK | |
| r-oldrel-macos-arm64 | 0.5.7 | 4.00 | 70.00 | 74.00 | OK | |
| r-oldrel-macos-x86_64 | 0.5.7 | 5.00 | 80.00 | 85.00 | OK | |
| r-oldrel-windows-x86_64 | 0.5.7 | 12.00 | 134.00 | 146.00 | OK |
Version: 0.5.7
Check: examples
Result: ERROR
Running examples in ‘parquetize-Ex.R’ failed
The error most likely occurred in:
> ### Name: csv_to_parquet
> ### Title: Convert a csv or a txt file to parquet format
> ### Aliases: csv_to_parquet
>
> ### ** Examples
>
>
> # Conversion from a local csv file to a single parquet file :
>
> csv_to_parquet(
+ path_to_file = parquetize_example("region_2022.csv"),
+ path_to_parquet = tempfile(fileext=".parquet")
+ )
Reading data...
Writing data...
✔ Data are available in parquet file under /tmp/RtmpbRH9ko/working_dir/RtmpeDfYXm/file3f448578e77285.parquet
Writing data...
Reading data...
>
> # Conversion from a local txt file to a single parquet file :
>
> csv_to_parquet(
+ path_to_file = parquetize_example("region_2022.txt"),
+ path_to_parquet = tempfile(fileext=".parquet")
+ )
Reading data...
Writing data...
✔ Data are available in parquet file under /tmp/RtmpbRH9ko/working_dir/RtmpeDfYXm/file3f448533d4d60b.parquet
Writing data...
Reading data...
>
> # Conversion from a local csv file to a single parquet file and select only
> # few columns :
>
> csv_to_parquet(
+ path_to_file = parquetize_example("region_2022.csv"),
+ path_to_parquet = tempfile(fileext = ".parquet"),
+ columns = c("REG","LIBELLE")
+ )
Reading data...
Writing data...
✔ Data are available in parquet file under /tmp/RtmpbRH9ko/working_dir/RtmpeDfYXm/file3f44856542f047.parquet
Writing data...
Reading data...
>
> # Conversion from a local csv file to a partitioned parquet file :
>
> csv_to_parquet(
+ path_to_file = parquetize_example("region_2022.csv"),
+ path_to_parquet = tempfile(fileext = ".parquet"),
+ partition = "yes",
+ partitioning = c("REG")
+ )
Reading data...
Writing data...
✔ Data are available in parquet dataset under /tmp/RtmpbRH9ko/working_dir/RtmpeDfYXm/file3f4485608c391c.parquet
Writing data...
Reading data...
>
> # Conversion from a URL and a zipped file (csv) :
>
> csv_to_parquet(
+ path_to_file = "https://www.nomisweb.co.uk/output/census/2021/census2021-ts007.zip",
+ filename_in_zip = "census2021-ts007-ctry.csv",
+ path_to_parquet = tempfile(fileext = ".parquet")
+ )
Reading data...
Writing data...
✔ Data are available in parquet file under /tmp/RtmpbRH9ko/working_dir/RtmpeDfYXm/file3f44853dc11b09.parquet
Writing data...
Reading data...
>
> # Conversion from a URL and a zipped file (txt) :
>
> csv_to_parquet(
+ path_to_file = "https://sourceforge.net/projects/irisdss/files/latest/download",
+ filename_in_zip = "IRIS TEST data.txt",
+ path_to_parquet = tempfile(fileext=".parquet")
+ )
Error in curl_download(path, tempfile(fileext = file_ext(path))) :
Timeout was reached [altushost-swe.dl.sourceforge.net]:
Connection timed out after 10000 milliseconds
Calls: csv_to_parquet ... download_extract -> curl_download -> raise_libcurl_error
Execution halted
Flavor: r-devel-linux-x86_64-fedora-clang