Last updated on 2025-11-11 09:50:12 CET.
| Flavor | Version | Tinstall | Tcheck | Ttotal | Status | Flags |
|---|---|---|---|---|---|---|
| r-devel-linux-x86_64-debian-gcc | 1.14.6.4 | 222.72 | 18.12 | 240.84 | OK | |
| r-devel-linux-x86_64-fedora-clang | 1.14.6.4 | 840.00 | -516.67 | 323.33 | ERROR | |
| r-devel-linux-x86_64-fedora-gcc | 1.14.6.4 | 376.00 | -129.29 | 246.71 | ERROR | |
| r-release-macos-arm64 | 1.14.6.4 | 187.00 | 14.00 | 201.00 | OK | |
| r-release-macos-x86_64 | 1.14.6.4 | 278.00 | 27.00 | 305.00 | OK | |
| r-oldrel-macos-arm64 | 1.14.6.4 | 184.00 | 19.00 | 203.00 | NOTE | |
| r-oldrel-macos-x86_64 | 1.14.6.4 | 292.00 | 38.00 | 330.00 | NOTE |
Version: 1.14.6.4
Check: whether package can be installed
Result: ERROR
Installation failed.
Flavors: r-devel-linux-x86_64-fedora-clang, r-devel-linux-x86_64-fedora-gcc
Version: 1.14.6.4
Check: installed package size
Result: NOTE
installed size is 9.7Mb
sub-directories of 1Mb or more:
include 2.0Mb
lib 7.6Mb
Flavors: r-oldrel-macos-arm64, r-oldrel-macos-x86_64